divided by x?
11
Suppose -4 = 5*k - 19. What is the remainder when 11 is divided by k?
2
Let g(d) = d**2 - d - 3. Suppose 3*b + 2 = 17. Let k be (-2 - -1)/((-1)/b). Calculate the remainder when g(k) is divided by 6.
5
Suppose -z - 42 = -2*z. What is the remainder when z is divided by 11?
9
Suppose 0*u - u = -8. Let v be (-6)/u + 118/8. What is the remainder when 16/(-28)*v/(-4) is divided by 2?
0
Let d(q) = q**3 + 17. Suppose -2*x - 82 = -b + 26, -3*b + 3*x + 318 = 0. Let t = b - 71. What is the remainder when t is divided by d(0)?
16
Let y(p) = -3*p**3 + 2*p**2 - 1. Let u = -9 - -8. Calculate the remainder when 9 is divided by y(u).
1
Let w(v) = 10*v + 1. Calculate the remainder when 2/(-4)*-20*4 is divided by w(2).
19
Let l be 3*3/9 + 1. Suppose 3*y = l*y + 11. What is the remainder when y is divided by 3?
2
What is the remainder when -1 - 3 - (1 - 27) is divided by 5?
2
Suppose 6*k + 64 = 8*k. What is the remainder when k is divided by 17?
15
Suppose 0 = -5*l + z + 67, 0 = -3*l - 3*z + z + 48. Suppose j - 75 = -2*j. Calculate the remainder when j is divided by l.
11
Let c = 39 - 27. Suppose -5*k + 162 = c. Calculate the remainder when k is divided by 11.
8
Let r(v) = v**3 - 3*v + 19. What is the remainder when 37 is divided by r(0)?
18
Let o be (-3)/(3/(-30)*-3). Let s = -6 - o. Suppose s*r - 48 = -0*r. Calculate the remainder when 35 is divided by r.
11
Let v = 13 - 12. Suppose 4*o = s + 122, o - 3*s - 37 = -v. Calculate the remainder when o is divided by 11.
8
Let m(g) = -7*g**2 - 8*g + 2. Let f(v) = v**2. Let o(j) = -5*f(j) - m(j). Let x be o(-6). Suppose 2*d - 6 = x. Calculate the remainder when 40 is divided by d.
12
Let r = 2 - -13. Calculate the remainder when r is divided by 6.
3
Let w = -5 + 15. Calculate the remainder when -1*(-111)/6*2 is divided by w.
7
Suppose 0 = -2*r - r + 21. Let j be 56 - 0/1 - -3. Let x = j + -34. What is the remainder when x is divided by r?
4
Let a = -6 + 14. Let r = -2 + 7. Calculate the remainder when a is divided by r.
3
Let q = 7 - 5. Let i = 125 + -89. What is the remainder when i/3*(-1)/(-3) is divided by q?
0
What is the remainder when -5 - -2 - (-1 + -4) is divided by 3*3/((-36)/(-8))?
0
Let k(i) = -i + 1. Let g(l) = 3*l - 10. Let z(o) = -g(o) - 6*k(o). Let x = -4 - -17. Calculate the remainder when z(7) is divided by x.
12
What is the remainder when 17 is divided by (-1)/(-2)*16 + -2?
5
Let l = -36 + 24. What is the remainder when ((-15)/(-4))/(4/32) is divided by (-3)/(-1)*(-64)/l?
14
Let r = 0 + 10. Let u = r + 3. What is the remainder when (-36)/(-1) - 1/(-1) is divided by u?
11
Let v = -26 - -53. What is the remainder when v is divided by 15?
12
Let h(j) = j**2 - j - 1. Let d be h(3). Suppose 2*g + 3*g = -d. Let w(x) = -3*x - 1. Calculate the remainder when w(g) is divided by 2.
0
Suppose -2 = 5*s + 2*a, 2*a - 10 + 2 = 0. Calculate the remainder when -1 + s + 40 + 0 is divided by 19.
18
Suppose 0 = 2*d - 6*d + 64. Let w(m) = 11*m - 3. What is the remainder when w(3) is divided by d?
14
Let o(w) = -w**3 + 3*w**2 + w. Let j be o(3). Suppose y + y + j = -l, 4*y = -3*l - 5. Let a = -10 - -11. What is the remainder when a is divided by l?
0
Suppose -18 - 77 = -5*a. Calculate the remainder when 54 is divided by a.
16
Let a(r) = r**3 - 2*r**2 + 3*r. Let o be a(2). Calculate the remainder when o - -19 - 6/(-2) is divided by 10.
8
Suppose 5*y - 400 - 185 = 0. Suppose -5*p + y = -2*a, -3*a = 3*p + p - 89. Calculate the remainder when p is divided by 5.
3
Suppose -10 = -x + 3*p, -x - 5*p = x + 24. Let n = 6 + x. Suppose n + 2 = k + 2*w, -4*w = 5*k - 48. Calculate the remainder when k is divided by 5.
2
Suppose 4*g = 4*v + 150 + 10, 0 = g + 4*v - 35. Suppose g = f + 5. What is the remainder when f is divided by 9?
7
Let i(d) = 2*d + 6. Let y be i(7). Let b(k) = k + 20. Let x be b(-16). Suppose -2*f = x*t - 8, 0*t = -5*t - y. Calculate the remainder when 23 is divided by f.
11
Let j = 1 + 17. What is the remainder when 67 is divided by j?
13
Suppose 5*o + 2*h - 46 = 0, -h = 3*o + 12 - 40. Let c be 1 + (0 + 2 - 2). Let f = c + o. What is the remainder when f is divided by 6?
5
Let o = -2 - -2. Suppose 2*c - 3 - 3 = o, -2*n + 40 = -2*c. Let t(v) = -v**3 - 2*v**2 + v + 2. What is the remainder when n is divided by t(-3)?
7
Let o(u) = -u + 11. What is the remainder when 13 is divided by o(8)?
1
Suppose 2*r - 20 = 5*l, r + 3*r + 4*l = 12. Suppose -r*g + 28 = -g. Calculate the remainder when 1/2 + 37/2 is divided by g.
5
Let k = 37 - -23. What is the remainder when k is divided by 31?
29
Let b be (-5 + 4)/((-3)/9). Suppose 118 = b*p + 5*y, 0 = 5*p - 0*y + 3*y - 218. What is the remainder when p is divided by 12?
10
What is the remainder when (10/45*-51)/(2/(-6)) is divided by 11?
1
Let o(g) = -g**3 - 2*g**2 - g + 7. Let j(i) = -i**3 + i**2 + i + 10. What is the remainder when o(-3) is divided by j(0)?
9
Suppose 0*d = -4*p - 2*d + 12, p = -2*d + 3. Calculate the remainder when 12 is divided by p.
0
Suppose 2*c + 4*s = -2*c - 4, 2*c - 2*s - 18 = 0. Suppose -c*l = -5*g - l + 51, -63 = -4*g - 5*l. What is the remainder when g is divided by 7?
5
Let y(b) = -b**2 - 6*b - 2. Let q(n) = 24*n**2 + n. Calculate the remainder when q(-1) is divided by y(-4).
5
Let h = -76 - -152. Suppose -4*k - 30 = -s - 6, h = 2*s - k. Calculate the remainder when s is divided by 14.
12
What is the remainder when 20 is divided by ((-110)/33)/(3/(9/(-2)))?
0
Let v(p) = 29*p**3 + p**2 - p + 1. Let n = -7 + 8. Calculate the remainder when v(n) is divided by (1 - (2 + 0)) + 17.
14
Suppose -j = -2 - 1. Suppose -2*t + j*t - 46 = 0. Let c = t + -33. What is the remainder when c is divided by 4?
1
Let g(n) = -n**3 + 10*n**2 - 6*n - 16. What is the remainder when 43 is divided by g(9)?
10
Let i be 0 + (-2)/(-4)*10. Suppose -t = -3*u + 1, -4*u = -2*t + t - i. Calculate the remainder when 32 is divided by t.
10
Suppose -5*d + 22 = 4*b, 4*b + d = 3*d + 36. Calculate the remainder when 46 is divided by b.
6
Suppose -67 = -5*w + z, 5*w + 27 - 85 = 4*z. Suppose 0 = 10*f - 575 + 175. Calculate the remainder when f is divided by w.
12
Let c(l) be the third derivative of 0 + 7/24*l**4 + 2*l**2 + 1/30*l**5 + 5/6*l**3 + 0*l. What is the remainder when c(-6) is divided by 12?
11
Let n be (11/(-2))/(2/4). Let i = n + 18. What is the remainder when 18 is divided by i?
4
Suppose 0 = -10*a + 57 + 23. Suppose -4 = -n - 3*n, 2*n = 3*p - 88. What is the remainder when p is divided by a?
6
Let r(q) = 7 + q**3 + 9*q + 8*q**2 + 1 - 7. Calculate the remainder when r(-6) is divided by 10.
9
Let v be 4/6 - 8/(-6). Let u(x) = -4*x + 1 + 0 + v*x**2 + 1. What is the remainder when u(4) is divided by 10?
8
Suppose -3*o + 0*o + t = -21, -3*o + 21 = 3*t. Calculate the remainder when 18 is divided by o.
4
Let w(l) = 3*l - 3. Let c be w(3). Let j be 10*(-1 - (-9)/c). Suppose -m = -3*z + 82, 0 = 5*m - 0*m + j. What is the remainder when z is divided by 7?
6
What is the remainder when (-7 + 3)*(-8)/1 is divided by 9?
5
Calculate the remainder when (276/(-20))/((-4)/20) is divided by ((-3)/(-4))/(3/72).
15
Let h = 64 + -41. What is the remainder when 45 is divided by h?
22
Let i = -38 + 44. Calculate the remainder when 57 is divided by i.
3
Let i(a) = -a**2 + 8*a - 9. Let h be i(8). Calculate the remainder when 4 is divided by (-18)/(-2)*(-3)/h.
1
Let b(g) be the first derivative of -10*g**2 - g + 27. Suppose 3*u = -3*p - 2*u + 12, -5*p - 3*u = -4. What is the remainder when b(p) is divided by 11?
8
Suppose y + c = 14, 3*y - c - 43 + 17 = 0. What is the remainder when 17 is divided by y?
7
Let d = -3 - -14. Calculate the remainder when 20 is divided by d.
9
Let c = 190 + -187. Calculate the remainder when 7 is divided by c.
1
Let k(i) = i + 12. Let s be k(-10). Calculate the remainder when (-1 + s)*(2 + 3) is divided by 2.
1
Let g = -4 - 2. What is the remainder when (-4)/g - (-106)/3 is divided by 19?
17
Suppose -4*a - 4*t = -24, t + 16 + 8 = 5*a. Let l = a - -59. Suppose 2*v - 6 + 0 = 0, 5*f + 3*v = l. Calculate the remainder when 32 is divided by f.
10
Let c be (12/(-5))/(2/(-10)). Suppose 4*m - 12 = -4*b, -5*m - 2*b + 0*b + c = 0. What is the remainder when m/((-24)/26 - -1) is divided by 14?
12
Suppose 0*j + j - 21 = 5*s, -5*j - 3*s + 21 = 0. Calculate the remainder when 